2 + 16*o - 1. Let u(j) = -h(j) - 6*w(j). Is u(4) a prime number?
False
Suppose 208907 + 593224 = 33*z. Is z prime?
False
Let m(o) = 7578*o + 1333. Is m(38) prime?
True
Let x(d) = 252*d**2 - 16*d + 217. Is x(-19) a prime number?
True
Suppose -1536671 = -60*b + 226120 + 1372749. Is b composite?
False
Let m(i) = 32*i**2 + 18*i + 21. Let z(d) = -63*d**2 - 36*d - 43. Let b(y) = 9*m(y) + 4*z(y). Is b(-19) composite?
False
Let v be (12/9)/4 - (-2291)/3. Suppose -q + v = -887. Is q composite?
True
Let b = 26093 - -12466. Is b prime?
False
Let m be 9/(-15)*-5*2. Let c be ((-16)/6)/(m/(-9)). Suppose 0 = c*n - 549 - 4463. Is n composite?
True
Suppose -118173 = -16*j + 1564 + 5527. Is j prime?
True
Suppose -40*g + 21*g + 133 = 0. Suppose 53850 = g*u + 13789. Is u prime?
False
Let b = 20 - 3. Let k be 393/21 - (-6)/21. Suppose -k*l = -b*l - 818. Is l a composite number?
False
Suppose -5*o = -3*b + 2032623, -148*o + 146*o + 1355050 = 2*b. Is b composite?
False
Suppose 5*o + 10 = 0, -r + 40 - 1 = 5*o. Suppose r*f = 55*f - 21954. Is f a prime number?
True
Suppose -2*j = -o + 196851, -2*o - 34*j + 33*j = -393707. Is o a composite number?
False
Suppose 0*b + 5*b - 4*j - 280 = 0, -j - 224 = -4*b. Suppose 0 = b*a - 61*a + 47555. Is a a composite number?
False
Let o be ((-136)/6)/(-17) - (-76072)/6. Is 5/20*o/5 composite?
True
Let t(m) = -m**2 - 20*m - 38. Let a be t(-18). Is (a/3)/(2/(-5943)) a composite number?
True
Suppose -5*f = 15, 3*u - 460545 = 36*f - 32*f. Is u a prime number?
True
Let a(f) = -f**2 - f - 1. Let j(k) = -35*k**3 + 13*k**2 + 15*k + 6. Let l(z) = 4*a(z) + j(z). Is l(-7) a composite number?
True
Let l(w) = w**3 + 17*w**2 + 72*w - 6. Let a be l(-8). Is (-1)/(-5 + (-36)/a)*-821 a composite number?
False
Is ((-772788)/(-9) - 6)/(2 + (-16)/12) prime?
False
Let m = 14133 - -8092. Suppose -3*j + m = 3*l - 7*l, 4*l + 4 = 0. Suppose -j - 1123 = -2*k. Is k composite?
True
Let t(b) = 6706*b**2 - 15*b - 18. Is t(-7) prime?
False
Let f be 64/2 + -5 + 1. Let w be 0 + (2/(-7) - (-8772)/f). Suppose -4*c + 1635 = -w. Is c a composite number?
False
Suppose -52*h - 77582 = -3*q - 57*h, 5*q - 129340 = -h. Is q a composite number?
True
Let z be (-4)/(-8) + 3/(-6). Suppose -2*r - 8 = z, 5*a + r - 9925 = 2521. Suppose -3*w - 567 = -a. Is w a composite number?
False
Let b be (15/9)/(8/6 + -1). Suppose 3*q - 5*a - 476 = 2*q, -2*q = -b*a - 967. Is q prime?
True
Let p(n) = 968*n**2 - 170*n + 51. Is p(-8) a prime number?
False
Let n(z) = 131*z**2 + 7. Let p(g) = g**3 + 9*g**2 + 7*g - 4. Let u be p(-8). Let m be (-3)/2 + 18/u. Is n(m) prime?
False
Let h(i) = -i**3 + 21*i**2 - 27*i - 27. Suppose -5*p - 14 = -6*p. Is h(p) a prime number?
True
Suppose 37*r + 13524 = 38*r. Suppose -15*c = -9*c - r. Suppose 0 = -7*v + c + 2044. Is v prime?
False
Suppose 22*m - 50 = -2206. Is (-15498)/m - 18/(-21) prime?
False
Let u(t) = 24402*t + 665. Is u(9) prime?
False
Suppose -3*k - 372892 = -7*k - 4*h, 0 = -5*k - 4*h + 466111. Suppose 5*o = k + 15686. Is o prime?
False
Let w(x) = 13*x**3 - 13*x**2 + 127*x - 414. Is w(37) a composite number?
False
Suppose 0 = 28*o - 81*o + 1022317. Is o composite?
False
Let d(s) = 2 + 4 - 2*s - 2 - 3. Let f be d(-1). Is f*6/(-9) - -141 prime?
True
Suppose 5*k - k - 40 = 3*o, -4*o - 2 = 2*k. Suppose -k = -n + f + 2, -f + 11 = 3*n. Suppose -738 = -n*l - 103. Is l a prime number?
True
Suppose -58*b + 839143 + 420211 = 0. Is b prime?
True
Let m = 2575 - 697. Let q = m + -3259. Let d = q + 3275. Is d prime?
False
Let x = 3711 - -5171. Is x a prime number?
False
Let f = -32329 + 71316. Is f prime?
False
Let o(v) be the third derivative of -425*v**4/8 - 2*v**3/3 + 15*v**2. Let b be o(-1). Suppose -5*p = -2*h - b, -h - 12 = 3*h. Is p composite?
True
Let d = 432 - -15657. Suppose -d = -5*c - 4*p, c - 3225 = 4*p - 3*p. Is c prime?
True
Suppose -4*k + 28*k = -45696. Let p = 129 - k. Is p a composite number?
True
Suppose 3*t + 119 = 128. Suppose 0*r = 2*a + 3*r + 4, 5*a - 32 = t*r. Is (-179)/4*(a + -3)*-4 a composite number?
False
Suppose -5*x = 5*m - 30, 4*m - 28 = -12*x + 7*x. Suppose 3*l - 5477 = -4*i, x*l - 2*i - 1132 - 6134 = 0. Is l a prime number?
False
Let j be 12417/13 - ((-24)/13 - -2). Suppose -30*f + j = -25*f. Let s = 58 + f. Is s composite?
True
Let a be (-2)/(-4)*-3*(-4)/(-6). Let t = 1 + a. Suppose t = -4*v + 5310 + 1574. Is v composite?
False
Suppose -2*n + 5*d - 8 = -n, 5*n + 3*d - 72 = 0. Suppose 9*t - n*t = -12. Is 11/(2/8*t) a composite number?
False
Suppose 8*y = 55308 + 59228. Is y prime?
False
Let y(h) = 35*h + 23. Let r(t) = 104*t + 69. Let s(l) = -4*r(l) + 11*y(l). Let z be s(-13). Suppose 4*m - 1613 - z = -5*o, -1191 = -3*o - 4*m. Is o prime?
True
Is (7 + 3)*667168/320 composite?
False
Suppose 50*x - 1467299 - 1862051 = 0. Is x a composite number?
False
Let k = 2016 + -2016. Let w be 2/2 + (-3)/(-1). Suppose -y + l + k*l + 1175 = 0, -5*y + w*l = -5871. Is y a prime number?
True
Suppose 3*t - 40 = -2*w - 3*w, -3*t + 20 = w. Let p be -2*12/(-4) + -1. Suppose w*x - 30310 = -p*x. Is x prime?
False
Let n be (9/(-27))/((-1)/333). Suppose n = -6*b + 7*b. Is b composite?
True
Let r = 40600 - 13823. Is r composite?
False
Suppose -5*m + 6*o + 158 = 2*o, -m + 40 = -5*o. Let r = 26 - 21. Is (3086/r)/(12/m) a prime number?
True
Let b = -9 + 16. Let u(z) = b + 9*z**2 - 10*z + 6*z**2 - z**3 - 2*z**2 - 2*z**2. Is u(6) prime?
True
Let z(u) = u + 1. Let k(c) = 7*c. Let v(s) = k(s) - 2*z(s). Let w be v(1). Is w/2*(-7)/(63/(-1986)) composite?
False
Let b be (-2)/(-10) - (-48)/10. Suppose b = 15*a - 16*a. Is (-2)/(a - -1)*894/1 a prime number?
False
Let w(m) = -m + 23. Let t be w(-5). Let b = t + -26. Suppose q + 1651 = 5*d - q, d - 335 = b*q. Is d a composite number?
True
Is 8/(-612)*-17 - 9556746/(-54) prime?
True
Suppose 171*p - 4*c = 170*p + 32362, 129508 = 4*p - c. Is p composite?
True
Let q = 57 + -54. Suppose 86 - 1927 = -2*i + j, -q*i + 2766 = 3*j. Let x = i - -700. Is x a composite number?
False
Suppose 0*m = -3*m + 9. Suppose -m = 3*r + 3*w, -2*w = r + w + 5. Is (-562 - r)*(16 + -17) a prime number?
True
Let p(n) = -665*n - 33. Let r be p(-5). Suppose -5*f + 3*f + 1646 = -3*x, -5*x = -4*f + r. Suppose -2*w + 555 = -f. Is w prime?
False
Let v = 140947 + -68640. Is v composite?
False
Let l(h) = 279*h + 21. Let f be l(8). Suppose 5*x - 4*c = -2747, -5*x - 512 = 5*c + f. Let b = x + 1342. Is b a composite number?
True
Is 4/(64 + 0) + 131786853/176 prime?
True
Is (-2)/19 - (446080596/(-741) - -4) a prime number?
False
Let g(u) = 3*u + 17*u**2 - 5 - 6 - 10*u - u**3. Let f be g(11). Suppose -12*j - f = -14*j. Is j a composite number?
True
Suppose -u = -3*h + 7, 4*h - 11 = -0*u + 3*u. Suppose -s - z - 2938 = -6*s, -h*s + z + 1174 = 0. Suppose 6*k + s = 3570. Is k a prime number?
False
Suppose -1327 = -4*d + 1109. Suppose -d*n = -607*n - 30066. Is n composite?
True
Let f(m) = -15*m**2 - 16*m**2 - 7 - 5*m + 4*m**3 + 0 + 2*m**3 - 2. Is f(8) composite?
False
Let h(y) = -92834*y + 6603. Is h(-11) a composite number?
False
Is -5 - -3 - -215290*(-9 + (-125)/(-10)) composite?
True
Let m = 8357 + -534. Is m a composite number?
False
Suppose -11*x + 51 = -8*x. Suppose 13863 = -14*g + x*g. Is g composite?
False
Let c = 1667 - 4605. Let o = 12724 - 7633. Let v = c + o. Is v prime?
True
Suppose -t = -59*a + 56*a + 32491, -3*a - t + 32495 = 0. Is a composite?
False
Let r(w) = -w - 9. Let n be r(-10). Let c be 3/n*76/(-57). Is (1757/4)/(c/(-16)) composite?
True
Let o(q) = -q**3 + 10*q**2 - 10*q + 11. Let l be o(9). Suppose a = -2*w + 11, -w = w - l. Suppose -8*v = -a*v + 293. Is v a composite number?
False
Let d(i) = -i**3 - 1. Let w(x) = 2*x**3 + 5*x**2 + 8*x - 12. Let c(f) = -4*d(f) + w(f). Is c(5) prime?
True
Let f be 77 - (3/(-3) + -2*1). Is (-5756)/(-6) + (-3 - f/(-30)) a composite number?
True
Let o(w) be the first derivative of -w**4/4 - w**3 + w**2 - 6*w + 19. Let r be o(-4). Suppose -r*v - 4*q + 5098 = 0, v - 3*v = 5*q - 5097. Is v a prime number?
True
Let q = 58014 - 15355. Is q prime?
False
Suppose a = -10*a - 121. Let i(c) = 6*c**2 - 61*c - 6. Is i(a) a prime number?
False
Let k(d) = -3*d - 23. Suppose -8 = -2*c - 5*z, -3*z + 5*z = 4*c + 32. Let p be k(c). Is (-4 + 2)/(p/(-7570)*-4) prime?
True
Suppose 0 = -2*v - 37 + 23. Let w(d) = -28*d**3 + 10*d**2 - 2*d 